of 14685?
3, 5, 11, 89
What are the prime factors of 5346?
2, 3, 11
What are the prime factors of 5429?
61, 89
What are the prime factors of 2618?
2, 7, 11, 17
List the prime factors of 2293.
2293
List the prime factors of 1119.
3, 373
List the prime factors of 2435.
5, 487
List the prime factors of 537.
3, 179
What are the prime factors of 1388?
2, 347
List the prime factors of 19.
19
What are the prime factors of 114860?
2, 5, 5743
List the prime factors of 2213.
2213
List the prime factors of 91958.
2, 45979
What are the prime factors of 463?
463
List the prime factors of 63536.
2, 11, 19
List the prime factors of 114814.
2, 7, 59, 139
List the prime factors of 460.
2, 5, 23
What are the prime factors of 6475?
5, 7, 37
List the prime factors of 219.
3, 73
What are the prime factors of 63740?
2, 5, 3187
List the prime factors of 9753.
3, 3251
List the prime factors of 26850.
2, 3, 5, 179
List the prime factors of 3020.
2, 5, 151
List the prime factors of 69.
3, 23
What are the prime factors of 1112?
2, 139
List the prime factors of 1715.
5, 7
List the prime factors of 24017.
7, 47, 73
List the prime factors of 504.
2, 3, 7
What are the prime factors of 27905?
5, 5581
What are the prime factors of 68835?
3, 5, 13, 353
List the prime factors of 20316.
2, 3, 1693
List the prime factors of 61873.
7, 8839
What are the prime factors of 5828?
2, 31, 47
What are the prime factors of 35863?
35863
What are the prime factors of 2182?
2, 1091
What are the prime factors of 21909?
3, 67, 109
What are the prime factors of 351?
3, 13
List the prime factors of 5335.
5, 11, 97
List the prime factors of 7138.
2, 43, 83
What are the prime factors of 18169?
18169
What are the prime factors of 40418?
2, 7, 2887
List the prime factors of 26797.
127, 211
What are the prime factors of 79996?
2, 7, 2857
List the prime factors of 3913.
7, 13, 43
What are the prime factors of 1548?
2, 3, 43
List the prime factors of 2939.
2939
List the prime factors of 4820.
2, 5, 241
List the prime factors of 1798.
2, 29, 31
What are the prime factors of 8082?
2, 3, 449
What are the prime factors of 2771?
17, 163
List the prime factors of 3718.
2, 11, 13
What are the prime factors of 33879?
3, 23, 491
What are the prime factors of 10423?
7, 1489
List the prime factors of 655.
5, 131
List the prime factors of 26411.
7, 11
List the prime factors of 230.
2, 5, 23
What are the prime factors of 21665?
5, 7, 619
List the prime factors of 54312.
2, 3, 31, 73
What are the prime factors of 2748?
2, 3, 229
List the prime factors of 17762.
2, 83, 107
What are the prime factors of 1074?
2, 3, 179
List the prime factors of 2489.
19, 131
List the prime factors of 4404.
2, 3, 367
List the prime factors of 10082.
2, 71
List the prime factors of 304.
2, 19
List the prime factors of 6024.
2, 3, 251
What are the prime factors of 2272?
2, 71
List the prime factors of 2032.
2, 127
What are the prime factors of 8780?
2, 5, 439
What are the prime factors of 23625?
3, 5, 7
List the prime factors of 73929.
3, 19, 1297
List the prime factors of 29308.
2, 17, 431
What are the prime factors of 20685?
3, 5, 7, 197
What are the prime factors of 1689?
3, 563
What are the prime factors of 3160?
2, 5, 79
What are the prime factors of 2178?
2, 3, 11
List the prime factors of 74192.
2, 4637
What are the prime factors of 2538?
2, 3, 47
List the prime factors of 3985.
5, 797
List the prime factors of 25540.
2, 5, 1277
What are the prime factors of 473?
11, 43
What are the prime factors of 52782?
2, 3, 19, 463
List the prime factors of 668.
2, 167
List the prime factors of 54540.
2, 3, 5, 101
List the prime factors of 24178.
2, 7, 11, 157
List the prime factors of 28576.
2, 19, 47
What are the prime factors of 166?
2, 83
List the prime factors of 969.
3, 17, 19
What are the prime factors of 1370?
2, 5, 137
What are the prime factors of 3414?
2, 3, 569
List the prime factors of 7825.
5, 313
What are the prime factors of 4904?
2, 613
List the prime factors of 2802.
2, 3, 467
What are the prime factors of 2505?
3, 5, 167
List the prime factors of 8456.
2, 7, 151
List the prime factors of 715.
5, 11, 13
What are the prime factors of 8127?
3, 7, 43
List the prime factors of 16084.
2, 4021
What are the prime factors of 5129?
23, 223
List the prime factors of 88489.
107, 827
What are the prime factors of 8110?
2, 5, 811
What are the prime factors of 5692?
2, 1423
What are the prime factors of 264?
2, 3, 11
What are the prime factors of 155?
5, 31
What are the prime factors of 69777?
3, 7753
List the prime factors of 147455.
5, 7, 11, 383
What are the prime factors of 1026?
2, 3, 19
List the prime factors of 484.
2, 11
List the prime factors of 35060.
2, 5, 1753
List the prime factors of 2514.
2, 3, 419
List the prime factors of 1853.
17, 109
What are the prime factors of 3785?
5, 757
What are the prime factors of 1333?
31, 43
List the prime factors of 10742.
2, 41, 131
What are the prime factors of 2070?
2, 3, 5, 23
What are the prime factors of 54657?
3, 6073
List the prime factors of 84826.
2, 7, 73, 83
List the prime factors of 19304.
2, 19, 127
List the prime factors of 29029.
7, 11, 13, 29
What are the prime factors of 20571?
3, 6857
List the prime factors of 1370.
2, 5, 137
List the prime factors of 21624.
2, 3, 17, 53
List the prime factors of 8688.
2, 3, 181
What are the prime factors of 40578?
2, 3, 6763
What are the prime factors of 105?
3, 5, 7
What are the prime factors of 3281?
17, 193
What are the prime factors of 588?
2, 3, 7
List the prime factors of 1454.
2, 727
List the prime factors of 974.
2, 487
What are the prime factors of 44109?
3, 13, 29
List the prime factors of 2839.
17, 167
List the prime factors of 321.
3, 107
What are the prime factors of 13997?
13997
List the prime factors of 525.
3, 5, 7
What are the prime factors of 2252?
2, 563
What are the prime factors of 1063?
1063
List the prime factors of 3948.
2, 3, 7, 47
What are the prime factors of 225?
3, 5
What are the prime factors of 33631?
13, 199
List the prime factors of 254.
2, 127
What are the prime factors of 23467?
31, 757
List the prime factors of 30887.
67, 461
What are the prime factors of 8962?
2, 4481
What are the prime factors of 118462?
2, 61, 971
List the prime factors of 3509.
11, 29
List the prime factors of 43129.
17, 43, 59
List the prime factors of 1835.
5, 367
List the prime factors of 4253.
4253
What are the prime factors of 1116?
2, 3, 31
List the prime factors of 18596.
2, 4649
What are the prime factors of 4019?
4019
List the prime factors of 26484.
2, 3, 2207
List the prime factors of 5049.
3, 11, 17
List the prime factors of 8562.
2, 3, 1427
List the prime factors of 981.
3, 109
What are the prime factors of 27737?
27737
What are the prime factors of 10725?
3, 5, 11, 13
List the prime factors of 161.
7, 23
What are the prime factors of 7901?
7901
List the prime factors of 35552.
2, 11, 101
What are the prime factors of 13713?
3, 7, 653
List the prime factors of 235.
5, 47
What are the prime factors of 14950?
2, 5, 13, 23
List the prime factors of 5178.
2, 3, 863
List the prime factors of 1328.
2, 83
What are the prime factors of 1566?
2, 3, 29
List the prime factors of 7036.
2, 1759
List the prime factors of 1195.
5, 239
What are the prime factors of 181?
181
List the prime factors of 123292.
2, 13, 2371
What are the prime factors of 5824?
2, 7, 13
What are the prime factors of 32700?
2, 3, 5, 109
What are the prime factors of 53070?
2, 3, 5, 29, 61
What are the prime factors of 1253?
7, 179
What are the prime factors of 2773?
47, 59
List the prime factors of 28009.
37, 757
List the prime factors of 90168.
2, 3, 13, 17
What are the prime factors of 583?
11, 53
List the prime factors of 1792.
2, 7
What are the prime factors of 1481?
1481
What are the prime factors of 536?
2, 67
What are the prime factors of 5171?
5171
What are the prime factors of 317?
317
List the prime factors of 133274.
2, 37, 1801
What are the prime factors of 151710?
2, 3, 5, 13, 389
What are the prime factors of 12266?
2, 6133
List the prime factors of 3960.
2, 3, 5, 11
List the prime factors of 8818.
2, 4409
List the prime factors of 550.
2, 5, 11
What are the prime factors of 809?
809
What are the prime factors of 26580?
2, 3, 5, 443
What are t